
Let b be (12/(-15))/(4/(-10)). Let f be b/(-4)*2*-1 + 143. Suppose 8*s - f = 168. Calculate the remainder when s is divided by 22.
17
Suppose 8 = 11*b + 107. Let h(i) = 2*i**2 + 14*i + 62. Calculate the remainder when h(b) is divided by 33.
32
Let q(j) = 2*j**2 - j + 73. Let f be 5*(11 + -4 - 3). Suppose 0 = 23*n - f*n - 111. Calculate the remainder when q(0) is divided by n.
36
Let n = -5168 + 5297. Calculate the remainder when 275 is divided by n.
17
Suppose -15 = -3*b - 6, 0 = 3*o - b - 222. Let d be (-2 - 46/2) + 0. Let l = o + d. Calculate the remainder when l is divided by 13.
11
Let g be -2*(-1)/((-8)/(-12)). Suppose g*d - 21 = 54. Let w = d - 12. Calculate the remainder when 74 is divided by w.
9
Suppose -169*y + 163*y + 30 = 0. Calculate the remainder when ((-27)/21)/((-3)/21) is divided by y.
4
Suppose -1978 = -17*w + 2493. Calculate the remainder when w is divided by 33.
32
Suppose 52447 = -134*x + 58209. Suppose -531 = -5*m + 524. Calculate the remainder when m is divided by x.
39
Let r(q) = -q**3 - 58*q**2 + 181*q + 156. What is the remainder when r(-61) is divided by 40?
38
Let o = 22 - -11. Suppose -40*t + 46*t - 282 = 0. Let z = t - o. Calculate the remainder when 41 is divided by z.
13
Let l(i) = -88*i + 196. What is the remainder when 663 is divided by l(1)?
15
Suppose -3*x + 10*x = 2*x + 190. Calculate the remainder when 807 is divided by x.
9
Let n(c) = 3*c - 4 - 13*c**3 + 2 - 4*c. Let a be 1 + -10 - (-17 - -9). What is the remainder when 23 is divided by n(a)?
11
Let a be (12 - 2 - 8)*-2. What is the remainder when 318 is divided by (-114)/(-5) - (a - (-38)/10)?
19
Suppose 21 = -4*k + 25. What is the remainder when 3290/10*(k - -1) is divided by 15?
13
Calculate the remainder when 2430/(-8)*8416/(-1578) is divided by 231.
3
Suppose -110*w - 159 = -u - 114*w, -4*u + 3*w + 731 = 0. What is the remainder when u is divided by 66?
47
What is the remainder when 129*528/(-360)*-5 is divided by 29?
18
Let g be (5 - 4 - 11)/((-2)/12). Let s = g - 47. Let j(k) = 45*k - 1. Calculate the remainder when j(2) is divided by s.
11
Suppose 312 = 3*m + h, -37*h = m - 40*h - 114. Calculate the remainder when m is divided by 6.
3
Suppose 2*o - 1124 = 4*a, 2*o + 3*a = 436 + 730. What is the remainder when o is divided by 24?
22
Let g be (-34)/425 - 14727/(-25). Suppose -4409 = -20*r - g. What is the remainder when r is divided by 39?
35
Suppose -16 = 4*s, t - 11*s + 8*s - 56 = 0. What is the remainder when 197 is divided by t?
21
Let v = -5 + 17. Suppose 3*h - 5*w - 280 - 48 = 0, -5*w - 212 = -2*h. Calculate the remainder when h is divided by v.
8
Let s be (338/8)/(14/(-56)). Let f = s - -239. Suppose 6*u - 226 = -f. Calculate the remainder when 76 is divided by u.
24
Suppose 0 = -4*l - 137 + 465. Suppose 1205 = 11*t - l. Calculate the remainder when t is divided by 7.
5
Let o = 23562 + -23227. What is the remainder when o is divided by 52?
23
What is the remainder when 1307 is divided by 12/(-3)*(-220)/80?
9
Let w(s) = 9*s**2 - 29*s - 12. Let q(i) = 5*i**2 - 15*i - 7. Let c(y) = 7*q(y) - 4*w(y). Let o = 6 - -3. What is the remainder when 65 is divided by c(o)?
14
Let f(m) = 43*m**2 - 105*m - 29. What is the remainder when 1476 is divided by f(3)?
14
Let h be (5*(-15)/(-50))/(-1)*-206. Suppose -4*r = -1517 + h. Calculate the remainder when r is divided by 61.
58
Suppose 0 = 5*k - 91 + 49 - 238. Calculate the remainder when 20774 is divided by k.
54
Suppose -2 = 3*r + 82. Let o = r - -63. Suppose 48 = 4*c - 24. What is the remainder when o is divided by c?
17
Let s be 8/16*(4 - (3 - -1)). Calculate the remainder when -47*(s - 1) - -3 is divided by 7.
1
Suppose -5*o + 200 = 15*o. Suppose 35*c = o*c + 1225. What is the remainder when 143 is divided by c?
45
Suppose -15*y = 3271 - 3511. What is the remainder when 51 is divided by y?
3
Suppose -h - 5 = -b - 1, -5*h = -3*b + 20. Suppose b = 7*u - 757 + 113. Let f = -192 - -216. What is the remainder when u is divided by f?
20
Let l = 23030 + 2523. What is the remainder when l is divided by 95?
93
Let c(y) = 9*y - 6. Let f = -51016 + 51167. Calculate the remainder when f is divided by c(5).
34
Suppose 32 = 4*s + 2*m, -5*s + 62 = 2*m + 24. Suppose -2*h - 778 = -4*p, -8*h = 4*p - s*h - 758. Calculate the remainder when p is divided by 39.
36
What is the remainder when 1790410/35 - (2080/112 + -19) is divided by 14?
13
Suppose -926*a + 21160 + 49542 = -259*a. Suppose 3*w = 3 + 33. Calculate the remainder when a is divided by w.
10
Suppose l = 3*x + 4081, -11*l + 8168 = -9*l - 4*x. What is the remainder when l is divided by 63?
58
Suppose 31 + 4 = i. Let n be -4 - -5 - (7 + 41). Let u = n + 53. What is the remainder when i is divided by u?
5
Let o(g) = 21*g + 161. Let v(x) = 7*x**2 + 5*x - 20. What is the remainder when v(5) is divided by o(-5)?
12
Let j(h) = 2*h**2 - 41*h + 296. Let z = 138 + -117. Calculate the remainder when j(6) is divided by z.
17
Suppose -4*y + 64 = -4*f, -5*y - 7*f = -4*f - 80. Suppose 178 - 45 = 7*s. Calculate the remainder when s is divided by y.
3
Suppose 1 + 20 = 3*f. Let s(g) be the second derivative of -g**5/20 + g**4/2 + g**3 + 5*g**2 + 7*g - 6. What is the remainder when 15 is divided by s(f)?
0
Let w(p) = -p**2 - 9*p + 257. Calculate the remainder when 156 is divided by w(-21).
1
Suppose 4*k - 32 = 144. Suppose -3 = i + 30. Let y = i + k. Calculate the remainder when 20 is divided by y.
9
Suppose 8*o - 2119 = 7041. Suppose 30*m - o - 1165 = 0. What is the remainder when m is divided by 28?
21
Let l(p) = -p**2 - p + 20. Let t be l(-5). Suppose 5*c - 14 = 16. What is the remainder when 54/(-36) + (134/4 - t) is divided by c?
2
Suppose -r + 4*m = -243, 416 = -5*r + 3*m + 1716. Calculate the remainder when 1282 is divided by r.
230
Let h(d) be the third derivative of d**4/8 - 25*d**3/6 - 315*d**2. Let v(j) = j + 4. Let t be v(5). Calculate the remainder when 8 is divided by h(t).
0
Let n(a) = -4*a**2 + 96*a - 35. What is the remainder when n(22) is divided by 455/49 - (-2)/(-7)?
6
Let w(g) = -g**3 + 2*g**2 - 2*g - 5. Suppose 9*o + 14 + 4 = 0. Let d = 101 - 27. Calculate the remainder when d is divided by w(o).
14
Let u be -13 + 0/(-2) + -2. Let c = u - -34. Let l = 70612 + -70443. Calculate the remainder when l is divided by c.
17
Let z(u) = 323*u - 5035. What is the remainder when 19284 is divided by z(16)?
132
Suppose o + 355 = 4*p, -o = 2*p - 5*p + 265. Suppose 35*k + p = 41*k. Calculate the remainder when 42 is divided by k.
12
What is the remainder when 157 is divided by (2/(-3))/(-2)*(-542 + 683)?
16
Let y(o) = -2*o + 50. Let q = -128 + 141. Calculate the remainder when 30 is divided by y(q).
6
Let k(m) = 65 + 6*m - 4*m + 4 + 0*m. Calculate the remainder when 86 is divided by k(-30).
5
Suppose 5*n - 4*n + 10 = 3*s, -4*n = 3*s - 35. Suppose 0 = 5*u, -4*a = -7*a + n*u + 75. Calculate the remainder when 66 is divided by a.
16
Suppose 2*j + 1044 = 7*h, 15*h - 608 = 11*h + 4*j. What is the remainder when h is divided by 127?
21
Let b(n) = 416*n - 415. Calculate the remainder when b(3) is divided by 275.
8
Suppose 340*q = 465180 - 121100. What is the remainder when q is divided by 73?
63
Let l(h) be the first derivative of h**2/2 + 26*h - 9. Calculate the remainder when (-27)/(-4)*(-224)/(-21) is divided by l(11).
35
Suppose -5*h - 22830 = 4*m - 59044, -7226 = -h - 5*m. Calculate the remainder when h is divided by 6.
4
Suppose -215*z = -222*z + 6951. Let m = 1286 - z. What is the remainder when m is divided by 100?
93
Let x = 82 + 44. Let c = -2119 - -2130. Calculate the remainder when x is divided by c.
5
Let s = -15 - -47. Suppose q + s = 5*q. Suppose -2*c - 5*y = -25, 3*y + 89 = 4*c - 0*y. What is the remainder when c is divided by q?
4
What is the remainder when (0 + 36/(-15))/((-10449)/1740 - -6) is divided by 153?
5
Let m = -598 - -705. Calculate the remainder when m is divided by (-644)/(-12) + (-2)/(-6).
53
Suppose -6*h + 4*c = -5446, -6*c + 2*c = -2*h + 1818. What is the remainder when h is divided by 218?
35
Let o be 4/22 - (-52)/(-286). Suppose o = -4*l - j + 73, 2*l - 33 + 2 = 5*j. Calculate the remainder when 47 is divided by l.
11
Suppose -m - 653 = -5*h, 5*h - 3*m = 2*h + 399. Let d(c) = -c**3 - c + 4. What is the remainder when h is divided by d(-3)?
28
